multiple of 86?
False
Is 7812 a multiple of 126?
True
Is 261 a multiple of 29?
True
Is 29797 a multiple of 11?
False
Is 19 a factor of 133?
True
Does 20 divide 1920?
True
Does 101 divide 13534?
True
Does 135 divide 3375?
True
Is 14560 a multiple of 130?
True
Does 11 divide 913?
True
Is 118288 a multiple of 330?
False
Is 57 a factor of 873?
False
Is 68 a factor of 275?
False
Is 89 a multiple of 9?
False
Is 22790 a multiple of 106?
True
Is 14402 a multiple of 38?
True
Is 57 a factor of 10089?
True
Is 11133 a multiple of 55?
False
Is 2166 a multiple of 30?
False
Is 29 a factor of 5024?
False
Is 115 a factor of 19779?
False
Is 66 a factor of 6933?
False
Is 25 a factor of 425?
True
Is 5610 a multiple of 110?
True
Is 4 a factor of 807?
False
Is 22 a factor of 59850?
False
Is 7 a factor of 57757?
True
Is 10 a factor of 1600?
True
Is 11 a factor of 719?
False
Is 243 a multiple of 33?
False
Is 571 a multiple of 3?
False
Is 101 a factor of 17473?
True
Does 10 divide 10130?
True
Does 14 divide 25974?
False
Is 8753 a multiple of 92?
False
Does 199 divide 10047?
False
Is 28368 a multiple of 9?
True
Does 55 divide 9130?
True
Does 8 divide 4488?
True
Does 2 divide 179?
False
Is 52 a factor of 103?
False
Is 7 a factor of 26523?
True
Does 8 divide 496?
True
Is 68 a factor of 2380?
True
Is 10 a factor of 462?
False
Is 735 a multiple of 49?
True
Does 80 divide 8960?
True
Does 28 divide 13552?
True
Is 18 a factor of 414?
True
Does 31 divide 7502?
True
Does 108 divide 4519?
False
Is 8545 a multiple of 4?
False
Does 69 divide 6030?
False
Is 4770 a multiple of 54?
False
Is 245 a multiple of 35?
True
Is 3 a factor of 6948?
True
Is 153024 a multiple of 16?
True
Is 47 a factor of 1037?
False
Is 24 a factor of 120?
True
Is 7872 a multiple of 12?
True
Is 306 a multiple of 17?
True
Is 3703 a multiple of 23?
True
Is 102 a multiple of 51?
True
Is 440 a multiple of 5?
True
Does 24 divide 28056?
True
Is 25 a factor of 462?
False
Is 7 a factor of 22503?
False
Is 11 a factor of 784?
False
Does 100 divide 4981?
False
Does 3 divide 49?
False
Is 78 a factor of 6900?
False
Does 4 divide 2397?
False
Is 22260 a multiple of 105?
True
Is 110 a factor of 1870?
True
Does 3 divide 2473?
False
Is 18 a factor of 666?
True
Is 13 a factor of 364?
True
Does 296 divide 49728?
True
Is 5382 a multiple of 142?
False
Is 8 a factor of 529?
False
Is 37 a factor of 5367?
False
Is 12 a factor of 3297?
False
Is 14 a factor of 1288?
True
Is 316 a multiple of 34?
False
Is 11 a factor of 3322?
True
Is 2579 a multiple of 8?
False
Is 837 a multiple of 10?
False
Is 14740 a multiple of 22?
True
Is 150 a multiple of 10?
True
Is 296 a multiple of 13?
False
Is 344 a multiple of 8?
True
Does 77 divide 1232?
True
Is 22359 a multiple of 87?
True
Is 55 a factor of 448?
False
Does 21 divide 4854?
False
Is 2961 a multiple of 21?
True
Is 12 a factor of 40523?
False
Is 43 a factor of 1101?
False
Is 63 a factor of 28539?
True
Is 14 a factor of 1117?
False
Is 59 a factor of 4512?
False
Is 17952 a multiple of 66?
True
Does 101 divide 2031?
False
Is 18343 a multiple of 22?
False
Is 21 a factor of 2562?
True
Does 11 divide 1454?
False
Does 34 divide 37064?
False
Is 1156 a multiple of 15?
False
Does 27 divide 3693?
False
Is 31 a factor of 31?
True
Is 1524 a multiple of 12?
True
Is 13 a factor of 169?
True
Is 11 a factor of 163?
False
Is 13 a factor of 650?
True
Is 4 a factor of 334?
False
Is 1042 a multiple of 11?
False
Does 5 divide 5?
True
Is 3900 a multiple of 20?
True
Is 73 a factor of 8970?
False
Does 33 divide 2640?
True
Is 95 a factor of 8424?
False
Is 2 a factor of 2137?
False
Does 8 divide 71720?
True
Is 180875 a multiple of 16?
False
Does 22 divide 330?
True
Is 7047 a multiple of 81?
True
Does 9 divide 224?
False
Is 426 a multiple of 8?
False
Does 10 divide 830?
True
Does 304 divide 20715?
False
Does 148 divide 15244?
True
Does 6 divide 1934?
False
Does 5 divide 1108?
False
Does 18 divide 162?
True
Is 7 a factor of 217?
True
Is 516 a multiple of 6?
True
Is 316 a multiple of 156?
False
Does 5 divide 2325?
True
Is 105 a multiple of 7?
True
Does 31 divide 800?
False
Is 3 a factor of 319?
False
Is 32 a multiple of 2?
True
Does 13 divide 19946?
False
Is 306 a multiple of 102?
True
Is 346 a factor of 119370?
True
Does 3 divide 49?
False
Does 20 divide 155?
False
Is 78377 a multiple of 50?
False
Is 2949 a multiple of 12?
False
Is 26 a factor of 589?
False
Is 39 a factor of 897?
True
Does 19 divide 533?
False
Is 37 a factor of 1523?
False
Is 10 a factor of 1240?
True
Is 26004 a multiple of 22?
True
Does 9 divide 3211?
False
Does 9 divide 1017?
True
Is 202 a multiple of 3?
False
Does 28 divide 241?
False
Is 7 a factor of 13979?
True
Is 1748 a multiple of 19?
True
Is 10868 a multiple of 44?
True
Is 59 a factor of 1392?
False
Is 16187 a multiple of 22?
False
Is 27179 even?
False
Is 3056 a multiple of 10?
False
Does 13 divide 25038?
True
Is 8522 a multiple of 47?
False
Is 29 a factor of 13398?
True
Is 15 a factor of 12998?
False
Is 126 a factor of 2981?
False
Does 7 divide 253?
False
Is 68 a multiple of 4?
True
Does 40 divide 7636?
False
Is 36 a factor of 2833?
False
Does 125 divide 37125?
True
Does 4 divide 17710?
False
Does 201 divide 1400?
False
Is 37 a factor of 3225?
False
Does 175 divide 10844?
False
Does 4 divide 379?
False
Is 9080 a multiple of 8?
True
Is 13 a factor of 8286?
False
Does 45 divide 315?
True
Is 777 a multiple of 21?
True
Is 5 a factor of 297?
False
Is 880 a multiple of 41?
False
Is 10 a factor of 1858?
False
Is 470 a multiple of 25?
False
Is 24 a factor of 113?
False
Is 5 a factor of 517?
False
Is 814 a multiple of 15?
False
Is 1069 a multiple of 63?
False
Is 3599 a multiple of 59?
True
Is 34079 a multiple of 53?
True
Does 21 divide 5817?
True
Does 89 divide 1068?
True
Does 49 divide 4086?
False
Is 154 a factor of 65296?
True
Is 39 a factor of 936?
True
Does 49 divide 31474?
False
Does 31 divide 5115?
True
Does 114 divide 69312?
True
Is 4144 a multiple of 112?
True
Is 23 a factor of 193?
False
Is 48 a factor of 1263?
False
Is 55 a factor of 16872?
False
Is 22 a factor of 17600?
True
Is 17 a multiple of 2?
False
Is 819 a multiple of 13?
True
Does 61 divide 1217?
False
Is 15 a factor of 23930?
False
Is 6 a factor of 7419?
False
Is 46 a factor of 5811?
False
Is 13896 a multiple of 12?
True
Is 40840 a multiple of 24?
False
Does 17 divide 1279?
False
Is 4678 a multiple of 14?
False
Does 26 divide 1378?
True
Is 5044 a multiple of 221?
False
Does 13 divide 702?
True
Is 10612 a multiple of 121?
False
Is 359 a multiple of 2?
False
Is 115 a factor of 129375?
True
Does 12 divide 2535?
False
Is 39 a multiple of 2?
False
Is 14 a factor of 38276?
True
Is 4 a factor of 665?
False
Does 7 divide 296?
False
Does 10 divide 750?
True
Does 40 divide 15920?
True
Does 316 divide 56880?
True
Is 416 a multiple of 26?
True
Does 75 divide 1840?
False
Is 61 a factor of 5002?
True
Is 35092 a multiple of 124?
True
Does 78 divide 5964?
False
Does 4 divide 1432?
True
Does 11 divide 510?
False
Is 4428 a multiple of 246?
True
Is 133 a factor of 1064?
True
Is 2508 a multiple of 36?
False
Is 5865 a multiple of 15?
True
Does 81 divide 3111?
False
Is 26 a factor of 1586?
True
Is 388 a factor of 61985?
False
Does 291 divide 92342?
False
Does 18 divide 432?
True
Is 1707 a multiple of 3?
True
Is 7 a factor of 6216?
True
Is 1258 a multiple of 37?
True
Is 287 a multiple of 4?
False
Is 3245 a multiple of 17?
False
Is 13 a factor of 6253?
True
Is 37 a multiple of 3?
False
Is 522 a multiple of 29?
True
Is 497 even?
False
Does 33 divide 5544?
True
Is 1890 a multiple of 54?
True
Is 211 a multiple of 9?
False
Does 104 divide 43152?
False
Is 193 a factor of 62674?
False
Does 13 divide 1903?
False
Does 44 divide 21145?
False
Is 10 even?
True
Does 25 divide 4859?
False
Does 14 divide 23016?
True
Is 278 a factor of 16680?
True
Is 179 a factor of 8160?
False
Is 82 a factor of 410?
True
Does 150 divide 30150?
True
Is 39 a factor of 9018?
False
Is 961 a multiple of 6?
False
Is 2447 a multiple of 18?
False
Does 7 divide 406?
True
Is 11 a factor of 1095?
False
Is 106 a factor of 21518?
True
Does 10 divide 900?
True
Does 8 divide 1798?
False
Is 1547 a multiple of 7?
True
Is 2221 a multiple of 133?
False
Is 5663 a multiple of 43?
False
Is 33 a factor of 1287?
